me number?
False
Is 2718610121 prime?
True
Is 10044183937 a composite number?
False
Is 1027347833 a composite number?
True
Is 1048697707 composite?
False
Is 49648659617 a prime number?
True
Is 97341718543 a prime number?
True
Is 17552221871 prime?
True
Is 1910538193 composite?
False
Is 6047288579 prime?
True
Is 3021205001 prime?
True
Is 4393651813 a prime number?
True
Is 13186999529 composite?
True
Is 271603921 composite?
True
Is 2641879631 composite?
True
Is 1362476074 a prime number?
False
Is 8576386743 a composite number?
True
Is 44829277081 prime?
True
Is 7728139099 a prime number?
False
Is 2634457849 prime?
True
Is 83605810273 a prime number?
False
Is 388349651 prime?
False
Is 144939880847 prime?
True
Is 7225963499 a composite number?
False
Is 51569741 prime?
True
Is 29006202119 a prime number?
True
Is 18153263021 prime?
True
Is 625032662902 a composite number?
True
Is 13813580531 a composite number?
False
Is 23643057181 a composite number?
False
Is 9225269971 prime?
False
Is 2970688757 composite?
True
Is 137242171 a composite number?
True
Is 1757269949 composite?
True
Is 13086815627 a prime number?
True
Is 45815813 prime?
False
Is 4573756349 prime?
True
Is 1582040987 a prime number?
False
Is 256251823 a composite number?
True
Is 10742094551 a composite number?
False
Is 11114410387 a prime number?
False
Is 302341321 a composite number?
False
Is 1920158137 a composite number?
False
Is 5402600257 prime?
True
Is 34228108903 a prime number?
False
Is 71433833729 composite?
False
Is 361789459 composite?
False
Is 318390641 prime?
False
Is 2587707763 a composite number?
False
Is 594362563 a prime number?
True
Is 91991489741 composite?
True
Is 4160732519 prime?
False
Is 840076729 prime?
True
Is 780068309 a prime number?
True
Is 1241798273 a prime number?
True
Is 8145496709 a composite number?
True
Is 326493955 a composite number?
True
Is 29197719451 a composite number?
True
Is 215496863 a prime number?
True
Is 51323065391 prime?
False
Is 3394931731 a prime number?
True
Is 6699786169 a prime number?
True
Is 4999745801 composite?
False
Is 3049084643 composite?
True
Is 34856049957 prime?
False
Is 263826611 a prime number?
True
Is 3302419903 composite?
False
Is 440580011 a composite number?
False
Is 27912893 composite?
True
Is 76355189 composite?
False
Is 16859068069 composite?
True
Is 167914771 a prime number?
True
Is 6806855245 composite?
True
Is 2103450437 composite?
True
Is 2423478313 a prime number?
True
Is 5385964697 a composite number?
False
Is 453542857 a composite number?
True
Is 40662187 prime?
True
Is 100928011 composite?
False
Is 12005083 a composite number?
True
Is 2612830117 a prime number?
True
Is 5582138551 a prime number?
False
Is 6370049731 a prime number?
False
Is 2060889227 composite?
True
Is 47694172861 a prime number?
True
Is 84319159 prime?
True
Is 53965127269 a composite number?
False
Is 834168457 a prime number?
False
Is 779083007 a prime number?
False
Is 4885204463 a composite number?
False
Is 241782253 composite?
False
Is 2948633057 prime?
True
Is 6757976011 a composite number?
False
Is 200197337 composite?
False
Is 6735140609 composite?
False
Is 316479577 prime?
True
Is 57103243519 composite?
True
Is 297178571 a prime number?
True
Is 3383813093 a composite number?
True
Is 163117970437 composite?
False
Is 46588018507 composite?
True
Is 16180989847 prime?
False
Is 1954501473 a prime number?
False
Is 19338343637 a prime number?
True
Is 10807185913 a prime number?
False
Is 949880311 prime?
True
Is 335119033 a prime number?
False
Is 2413607353 composite?
False
Is 10547404509 a prime number?
False
Is 1844434111 a composite number?
True
Is 46542036557 a composite number?
False
Is 65699673493 composite?
True
Is 1072407103 composite?
False
Is 79034111 a composite number?
True
Is 9685404986 prime?
False
Is 362709707 composite?
False
Is 5630055491 prime?
True
Is 147788856883 a composite number?
True
Is 55953437 composite?
False
Is 10946647447 a prime number?
False
Is 354461227 a composite number?
False
Is 70777361 composite?
False
Is 5026665481 prime?
True
Is 22420345757 prime?
True
Is 36164915377 prime?
False
Is 267372187 a composite number?
True
Is 1849644763 composite?
True
Is 15925208449 composite?
True
Is 56326135687 prime?
False
Is 59647821503 a composite number?
True
Is 16833919727 prime?
True
Is 278704487 a prime number?
True
Is 56157083189 prime?
True
Is 26039499807 a prime number?
False
Is 1637058457 prime?
False
Is 829325177 a prime number?
False
Is 11138617907 prime?
True
Is 1287782761 a prime number?
True
Is 869764537 a composite number?
False
Is 1539717293 a composite number?
False
Is 39115018507 composite?
False
Is 662345773 a composite number?
True
Is 53348596753 a prime number?
True
Is 42642970993 prime?
False
Is 9969917873 prime?
False
Is 182921539 composite?
False
Is 7287894511 composite?
True
Is 290150155619 prime?
False
Is 1388819797 a composite number?
False
Is 40820932591 a composite number?
False
Is 34248966061 a prime number?
False
Is 130858187 a prime number?
False
Is 2285846989 composite?
True
Is 83969764787 prime?
True
Is 20648961029 a composite number?
True
Is 53775335743 prime?
False
Is 7822626277 prime?
True
Is 1167160355 a composite number?
True
Is 172792499471 a composite number?
False
Is 86813 prime?
True
Is 3066725967 a prime number?
False
Is 1090737481 composite?
True
Is 25512305471 a composite number?
False
Is 2167811411 a prime number?
False
Is 10011160883 a prime number?
False
Is 679880261 a composite number?
False
Is 4491827 composite?
False
Is 6297961513 a prime number?
False
Is 491513159 composite?
False
Is 60138657707 a prime number?
True
Is 545827 a composite number?
False
Is 2098102031 composite?
True
Is 128149591 a prime number?
True
Is 3133043297 composite?
False
Is 2724708449 prime?
True
Is 64996543 a prime number?
True
Is 1314463819 a prime number?
True
Is 641677279 prime?
False
Is 16525978031 composite?
True
Is 102918389 composite?
True
Is 15209619911 composite?
False
Is 27488759717 composite?
True
Is 545497529 a prime number?
True
Is 6316967161 composite?
True
Is 375271265651 composite?
False
Is 12620923279 a composite number?
True
Is 6430354519 composite?
False
Is 9141708983 composite?
True
Is 149221965919 prime?
False
Is 2668043077 a composite number?
True
Is 131034501907 prime?
True
Is 1448049541 a composite number?
False
Is 8613729961 a prime number?
True
Is 210552839943 a prime number?
False
Is 974290199 a prime number?
False
Is 381160963 composite?
False
Is 233997811 a composite number?
False
Is 318849019 a prime number?
True
Is 1677400381 a composite number?
False
Is 22279020977 a composite number?
False
Is 52549336253 composite?
False
Is 3445139519 composite?
True
Is 25666051469 composite?
True
Is 419428703 prime?
True
Is 18843462049 a composite number?
True
Is 673370329 a prime number?
False
Is 218136306659 a prime number?
False
Is 54819385031 composite?
False
Is 17043445249 composite?
True
Is 199776661 composite?
True
Is 17730499529 a composite number?
False
Is 30405233857 composite?
False
Is 62942222627 prime?
True
Is 7764094069 a prime number?
False
Is 1350062831 a composite number?
True
Is 4541409949 composite?
True
Is 277379283869 a prime number?
True
Is 855281039 a composite number?
True
Is 3656734307 composite?
True
Is 197374050167 a prime number?
False
Is 7988934739 a prime number?
False
Is 1764915617 a composite number?
False
Is 1005012133 prime?
True
Is 30768364903 prime?
False
Is 75530591 a prime number?
False
Is 1403576663 a prime number?
False
Is 6266013517 a composite number?
False
Is 8123236859 a composite number?
False
Is 11650547 composite?
True
Is 3287835857 a composite number?
True
Is 11801463343 composite?
False
Is 3484335119 prime?
False
Is 5546647 prime?
True
Is 299229817 a composite number?
False
Is 6015857263 a composite number?
True
Is 148503899 a composite number?
True
Is 494944601 a prime number?
True
Is 111856201267 prime?
False
Is 48187004921 a prime number?
False
Is 68491111723 a composite number?
False
Is 1756054877 prime?
False
Is 542742307 composite?
True
Is 895477829 prime?
True
Is 1048024546 a prime number?
False
Is 1266055009 composite?
True
Is 4509523829 a prime number?
True
Is 3205960049 composite?
True
Is 19915310797 composite?
Fals